
What is the highest common divisor of 20 and 259908?
4
What is the greatest common factor of 30587 and 12151?
419
What is the highest common divisor of 907140 and 30?
30
What is the greatest common factor of 59495 and 1095?
365
What is the highest common divisor of 352 and 135360?
32
What is the greatest common factor of 1885 and 139165?
65
What is the highest common divisor of 27800 and 50?
50
Calculate the highest common factor of 1298 and 19116.
118
What is the greatest common divisor of 63 and 91091?
7
Calculate the highest common factor of 20 and 959540.
20
Calculate the highest common divisor of 1 and 24083.
1
Calculate the highest common factor of 540 and 44712.
108
What is the greatest common divisor of 171450 and 3048?
762
Calculate the highest common divisor of 1003 and 816.
17
What is the greatest common divisor of 236 and 378308?
236
Calculate the greatest common divisor of 1089 and 1019183.
121
What is the highest common divisor of 1872 and 676?
52
Calculate the highest common divisor of 99753 and 3.
3
Calculate the greatest common factor of 6684 and 348.
12
Calculate the highest common factor of 55 and 169895.
55
What is the highest common factor of 12 and 1875?
3
What is the greatest common divisor of 1323 and 26514?
27
What is the greatest common divisor of 184527 and 174?
87
Calculate the highest common divisor of 108543 and 2328.
291
Calculate the highest common divisor of 396 and 1161.
9
Calculate the highest common factor of 102 and 8109.
51
Calculate the greatest common factor of 2526360 and 555.
555
What is the greatest common factor of 28059 and 25671?
597
What is the greatest common factor of 205 and 2348767?
41
Calculate the greatest common factor of 17 and 242284.
17
What is the highest common divisor of 770 and 1022?
14
What is the highest common divisor of 42188 and 3582?
398
What is the greatest common factor of 140 and 64330?
70
What is the greatest common factor of 244 and 4846084?
244
What is the highest common divisor of 14740 and 11770?
110
Calculate the highest common divisor of 72 and 552.
24
Calculate the greatest common factor of 2337 and 19680.
123
Calculate the greatest common factor of 4761 and 166842.
207
What is the highest common divisor of 444 and 20202?
222
What is the greatest common factor of 1802 and 75419?
53
What is the greatest common factor of 1383 and 1225799?
461
What is the highest common divisor of 19411 and 1316?
329
What is the highest common divisor of 1620 and 990?
90
Calculate the greatest common divisor of 20 and 2062610.
10
Calculate the greatest common factor of 3808 and 288694.
238
Calculate the greatest common factor of 15939 and 12936.
231
Calculate the highest common divisor of 10829 and 1.
1
What is the greatest common factor of 175 and 47775?
175
What is the greatest common factor of 79733 and 142?
71
Calculate the greatest common factor of 51318 and 18.
18
What is the highest common divisor of 2745 and 14985?
45
What is the highest common divisor of 94920 and 560?
280
What is the highest common factor of 67053 and 279?
93
Calculate the greatest common factor of 64 and 424.
8
Calculate the greatest common factor of 1246 and 1616062.
1246
What is the greatest common factor of 110436 and 132?
12
Calculate the highest common divisor of 854 and 149145.
61
What is the greatest common divisor of 114 and 43491?
57
What is the greatest common factor of 84773 and 78?
13
What is the highest common factor of 55 and 533335?
55
What is the highest common factor of 8319 and 1062?
177
Calculate the greatest common factor of 4843 and 29.
29
Calculate the greatest common divisor of 89832 and 24624.
456
What is the highest common divisor of 25506 and 41652?
234
Calculate the highest common factor of 118444 and 4.
4
Calculate the highest common divisor of 8 and 3552112.
8
Calculate the highest common factor of 416664 and 1296.
648
What is the highest common divisor of 92 and 66401?
23
What is the greatest common divisor of 25630825 and 1145?
1145
What is the highest common factor of 7221 and 1131?
87
What is the greatest common divisor of 949 and 89644?
73
Calculate the greatest common divisor of 158 and 843720.
158
Calculate the highest common divisor of 6244559 and 323.
323
What is the highest common factor of 16 and 4900?
4
What is the highest common factor of 81 and 1407?
3
Calculate the highest common divisor of 1277300 and 53.
53
What is the greatest common divisor of 70075 and 170983?
2803
What is the greatest common divisor of 30411 and 4743?
279
Calculate the highest common factor of 203 and 784218.
29
Calculate the greatest common factor of 61005 and 1225.
245
What is the highest common divisor of 1557 and 3762231?
519
What is the highest common divisor of 15697125 and 45?
45
What is the highest common factor of 11 and 111551?
11
Calculate the highest common factor of 10090459 and 269.
269
Calculate the greatest common divisor of 10745657 and 559.
559
What is the highest common factor of 2756689 and 13?
13
Calculate the highest common factor of 2 and 383819.
1
What is the highest common divisor of 78 and 382?
2
Calculate the highest common divisor of 308 and 705936.
308
Calculate the greatest common factor of 481 and 29489.
37
Calculate the highest common factor of 141 and 47423.
47
What is the highest common factor of 223400 and 200?
200
What is the highest common divisor of 195 and 37596?
39
Calculate the greatest common divisor of 852 and 12268.
4
What is the greatest common divisor of 222 and 16890?
6
What is the greatest common factor of 5291 and 1846?
13
What is the greatest common divisor of 1260 and 2745?
45
Calculate the greatest common divisor of 2816 and 411840.
704
Calculate the greatest common factor of 3312 and 33246.
18
Calculate the greatest common factor of 100 and 338125.
25
Calculate the highest common divisor of 204516 and 780.
156
What is the highest common factor of 8 and 51500?
4
What is the greatest common divisor of 128 and 4744?
8
Calculate the highest common factor of 528 and 38742.
66
Calculate the highest common divisor of 59370 and 240.
30
What is the highest common factor of 41972 and 154?
14
Calculate the greatest common divisor of 249 and 4967301.
249
What is the greatest common factor of 98 and 26488?
14
Calculate the highest common divisor of 305461 and 26.
13
Calculate the highest common factor of 76730 and 380.
10
What is the greatest common factor of 115508 and 32?
4
Calculate the greatest common factor of 160 and 79584.
32
Calculate the highest common factor of 160 and 5625.
5
What is the highest common factor of 25 and 695?
5
Calculate the highest common divisor of 26278 and 14.
14
What is the greatest common divisor of 49 and 1373967?
7
What is the greatest common divisor of 2367 and 11?
1
What is the greatest common factor of 16086 and 5817?
21
What is the greatest common divisor of 399 and 36750?
21
What is the greatest common divisor of 168 and 10784?
8
What is the highest common factor of 234624 and 304?
16
What is the greatest common factor of 64074 and 7059?
543
Calculate the greatest common divisor of 781 and 198.
11
What is the highest common divisor of 60 and 7055?
5
What is the greatest common divisor of 147 and 670467?
147
Calculate the highest common factor of 48374 and 1206.
134
Calculate the highest common factor of 87273 and 369.
9
Calculate the highest common divisor of 556 and 589082.
278
What is the highest common divisor of 6592 and 2?
2
Calculate the highest common divisor of 5474 and 6902.
238
What is the greatest common factor of 6100124 and 4?
4
Calculate the highest common divisor of 57445 and 470.
5
What is the highest common factor of 639 and 36?
9
What is the highest common factor of 15 and 600940?
5
Calculate the highest common divisor of 785 and 1100.
5
Calculate the highest common divisor of 14365 and 338.
169
What is the highest common divisor of 46 and 24012?
46
Calculate the greatest common factor of 459836 and 208.
52
Calculate the greatest common factor of 114376 and 136.
136
Calculate the highest common factor of 242 and 31042.
22
What is the greatest common divisor of 345724 and 76?
76
What is the highest common divisor of 4841 and 32960?
103
What is the highest common divisor of 462 and 14882?
14
Wh